3 - 6*v**2 - 3*v. Calculate p(-5).
-10
Let a(f) = -6*f - 1. Give a(-1).
5
Let q(s) = 2*s - 37. Calculate q(19).
1
Let k(m) = -m**2 + 26*m - 115. Give k(21).
-10
Let n(r) = -4*r + 17. Calculate n(5).
-3
Let f(i) = -i**2 + 4*i - 1. Determine f(7).
-22
Let a(t) = 22*t - 436. Give a(20).
4
Let c(t) = 12*t + 71. What is c(-5)?
11
Let w(c) = c**3 - c**2 + 4. Calculate w(2).
8
Let x(g) = -g**2 + 5*g + 5. Calculate x(5).
5
Let n(d) = -d**2 + d + 24. Determine n(0).
24
Let z(b) = -6*b + 2. Determine z(-5).
32
Let s(m) = -18*m - 39. Determine s(0).
-39
Let a(c) = 4*c - 2. What is a(-3)?
-14
Let y(l) = 5*l**2 + 4*l - 2. What is y(-2)?
10
Let v(h) = 6*h + 16. Calculate v(-5).
-14
Let y(s) = 12*s + 48. What is y(-20)?
-192
Let m(r) = r**3 + 19*r**2 - 19*r + 5. Determine m(-20).
-15
Let f(u) = 2*u**2 + 25*u + 34. Give f(-10).
-16
Let l(w) = w**3 - 9*w**2 - 13*w. Calculate l(10).
-30
Let a(h) = 28*h + 671. Determine a(-24).
-1
Let k(o) = 6*o**2 + 3*o. Determine k(-2).
18
Let i(m) = -m**3 + 10*m**2 + 16*m + 4. Calculate i(11).
59
Let b(n) = 35*n**3 + n. Calculate b(1).
36
Let l(t) = 2*t - 5. Give l(-4).
-13
Let w(j) = j**3 - j**2 + 2*j + 3. Give w(3).
27
Let v(a) = -a**2 - 3*a + 17. Calculate v(0).
17
Let j(n) = -n**3 + 3*n**2 - 6*n + 2. Give j(2).
-6
Let j(b) = -2*b**2 + 24*b - 86. Give j(4).
-22
Let j(w) = w**3 - 4*w**2 - 3*w + 7. Give j(3).
-11
Let f(c) = -c**3 + 12*c**2 + 7*c + 16. Determine f(12).
100
Let h(z) = -z**3 - 9*z**2 - 19*z + 9. Determine h(-5).
4
Let d(y) = y**3 - 12*y**2 + 26*y + 4. What is d(9)?
-5
Let j(v) = -5*v**3 + v - 2. Determine j(1).
-6
Let l(a) = -a**3 - 10*a**2 - 16*a - 1. Determine l(-8).
-1
Let v(y) = y**3 - 4*y**2 + 4*y - 13. Determine v(4).
3
Let f(n) = -18*n**2 + 3*n - 1. What is f(1)?
-16
Let d(n) = n**2 + 4*n - 64. What is d(6)?
-4
Let v(s) = 9*s - 20. Calculate v(1).
-11
Let p(f) = f**2 + 11*f + 18. What is p(-10)?
8
Let r(p) = -p**2 + 4*p - 12. Give r(9).
-57
Let h(t) = -2*t - 6. Calculate h(-2).
-2
Let o(f) = -f**2 + 4*f - 5. Give o(4).
-5
Let o(q) = 9*q + 16. What is o(-3)?
-11
Let o(l) = 4*l - 57. Determine o(16).
7
Let p(m) = 3*m**2 + 3*m + 5. Calculate p(-2).
11
Let d(f) = -2*f**3 - 3*f**2 - 2*f - 3. Determine d(-3).
30
Let u(w) = -w + 4. What is u(0)?
4
Let q(d) = -d**2 + 60*d + 183. What is q(-3)?
-6
Let x(l) = -l**2 + 7. Calculate x(-6).
-29
Let h(c) = c + 5. What is h(-4)?
1
Let g(w) = w - 11. Determine g(5).
-6
Let j(y) = -y**2 + 4*y + 4. Determine j(6).
-8
Let j(g) = 14*g - 71. Calculate j(10).
69
Let d(x) = -x**2 - 13*x - 4. What is d(-13)?
-4
Let t(h) = -9*h + 14. What is t(-6)?
68
Let f(i) = -i**2 + 9*i - 13. What is f(6)?
5
Let u(o) = -o**3 - o - 8. What is u(3)?
-38
Let w(x) = x**2 + 3*x + 9. Give w(5).
49
Let x(b) = 3*b**2 + 26*b - 10. Give x(-9).
-1
Let h(i) = -i**2 - 20*i - 28. What is h(-20)?
-28
Let f(n) = n + 21. Determine f(-12).
9
Let t(b) = b**3 - 2*b**2 - 3*b - 2. Give t(3).
-2
Let c(s) = 2*s**2 - 9*s + 3. Give c(6).
21
Let v(f) = f**3 + 2*f**2 - 5*f - 6. What is v(-4)?
-18
Let k(j) = -38*j - 8. Determine k(-1).
30
Let n(t) = t**2 + 15*t + 12. Give n(-17).
46
Let u(j) = j**3 + 19*j**2 + 37*j - 173. What is u(-16)?
3
Let l(o) = 4*o - 20. Calculate l(6).
4
Let l(s) = s - 2. Determine l(-4).
-6
Let h(g) = -2*g - 12. What is h(-13)?
14
Let v(q) = q**3 + 23*q**2 + 2. Give v(-23).
2
Let g(h) = 8*h**2 - 81*h + 12. Give g(10).
2
Let h(o) = -8*o**2 + 2*o + 11. Give h(3).
-55
Let p(k) = 15*k + 18. What is p(6)?
108
Let x(g) = -g**3 - 3*g**2 + 2*g + 4. Calculate x(2).
-12
Let u(k) = k**2 + 5*k - 5. Give u(-6).
1
Let y(v) = -2*v**2 - 6*v - 3. Determine y(-6).
-39
Let j(i) = 3*i**2 - i + 1. What is j(3)?
25
Let y(a) = -7*a**2 + 1. Give y(1).
-6
Let k(f) = f**2 - 2*f - 10. Determine k(7).
25
Let h(o) = o**2 + 14*o + 29. Calculate h(-10).
-11
Let g(o) = o**3 + 11*o**2 - 13*o - 4. Determine g(-12).
8
Let s(p) = p**2 - 11*p + 10. Give s(8).
-14
Let j(p) = -3*p**2 - 13*p - 5. Determine j(-3).
7
Let y(x) = -x**3 + 9*x**2 - 5*x + 5. Calculate y(9).
-40
Let b(j) = -5*j**3 - 3*j**2 - 4*j - 2. What is b(-2)?
34
Let m(d) = -d**3 + 9*d**2 + 8*d + 9. Determine m(10).
-11
Let s(q) = 4*q**2 + 10*q + 5. Determine s(-5).
55
Let n(g) = g**3 + 6*g - 3. Give n(-3).
-48
Let d(k) = -k**3 - 12*k**2 - 14*k - 36. Determine d(-11).
-3
Let r(y) = y - 19. What is r(20)?
1
Let q(g) = -3*g - 25. Determine q(-6).
-7
Let m(j) = 6*j**2 + 6*j - 6. Determine m(1).
6
Let w(b) = 2*b**3 + 16*b**2 + 3*b + 24. Determine w(-8).
0
Let a(y) = 22*y - 1. What is a(-3)?
-67
Let u(f) = -f**2 - 11*f - 28. Calculate u(-8).
-4
Let h(c) = -c**3 + 25*c**2 - 22*c - 44. Determine h(24).
4
Let m(y) = -y**2 - 6*y - 5. Give m(-6).
-5
Let x(v) = -v**3 + 8*v**2 - 10*v + 10. Give x(7).
-11
Let p(a) = 2*a**2 - 27*a + 1. What is p(12)?
-35
Let l(h) = 2*h**3 + 21*h**2 - 9*h + 17. What is l(-11)?
-5
Let i(f) = f**3 + 19*f**2 + 34*f - 4. Calculate i(-17).
-4
Let a(b) = 18*b**2 + 143*b - 8. What is a(-8)?
0
Let w(m) = m**3 - 7*m**2 + 6*m + 16. What is w(5)?
-4
Let k(o) = o**2 - 13*o + 10. Determine k(8).
-30
Let v(r) = r**2 + 2*r + 2. What is v(-3)?
5
Let f(i) = 12*i**3 + 4*i**2 - 2*i - 2. Give f(-1).
-8
Let m(d) = -d**2 - 3*d. Calculate m(0).
0
Let l(a) = -a**3 - 6*a**2 - 5*a - 6. Give l(-5).
-6
Let f(o) = -o**3 + 9*o**2 - 11*o + 10. Determine f(8).
-14
Let k(v) = 22*v + 75. What is k(-3)?
9
Let q(x) = -5*x + 18. Give q(6).
-12
Let b(u) = 3*u + 23. Give b(7).
44
Let n(o) = -o**2 + 6*o - 5. What is n(3)?
4
Let x(n) = -3*n**2 - 7*n - 5. Calculate x(-5).
-45
Let a(c) = -c**3 + 7*c**2 + 5*c - 36. Calculate a(7).
-1
Let n(b) = -5*b**3 - 2*b**2 + b - 1. Give n(-2).
29
Let b(g) = -4*g**2 + 12*g + 3. Give b(3).
3
Let l(g) = g**3 - 51*g**2 + 98*g - 37. What is l(49)?
-37
Let m(l) = -l**3 - 11*l**2 - 9*l + 14. Give m(-10).
4
Let b(m) = -7*m + 2. Give b(-1).
9
Let j(t) = t**3 - 21*t + 12. Determine j(-6).
-78
Let r(s) = s**2 - 17*s + 5. Determine r(17).
5
Let y(l) = -l**2 + l + 10. Determine y(-5).
-20
Let f(n) = n**3 + 15*n**2 + 26*n + 13. Give f(-13).
13
Let c(b) = -b**2 + 3*b + 5. Calculate c(5).
-5
Let y(f) = -10*f + 36. Determine y(-9).
126
Let w(x) = x**2 - 11*x - 74. What is w(0)?
-74
Let i(t) = t**2 - 10*t + 17. Determine i(8).
1
Let a(q) = -q**3 + 52*q**2 - q + 50. Determine a(52).
-2
Let u(x) = 4*x + 3. Determine u(-5).
-17
Let i(h) = -h**3 + 12*h**2 - 31*h + 97. Calculate i(10).
-13
Let s(c) = 38*c - 86. What is s(3)?
28
Let w(n) = 2*n + 19. Determine w(-16).
-13
Let a(z) = -z**2 + 53*z - 191. Calculate a(49).
5
Let w(g) = g**2 + 13*g + 36. Determine w(-6).
-6
Let q(j) = -3*j + 5. Give q(1).
2
Let l(x) = 2*x - 1. Determine l(-4).
-9
Let c(o) = -o**3 - 5*o**2 - 2*o + 2. Determine c(-4).
-6
Let f(m) = m**3 + 3*m**2 + 3*m + 5. Determine f(-5).
-60
Let k(z) = -6*z**2 - 46*z - 55. Calculate k(-6).
5
Let d(n) = n - 2. Calculate d(-6).
-8
Let y(b) = b**3 - 43*b**2 - 42*b - 82. What is y(44)?
6
Let q(x) = -x**2 - 3*x + 11. Give q(0).
11
Let n(t) = 13*t**3 + 2*t**2 - 1. Give n(1).
14
Let i(q) = -2*q**2 + 16*q + 12. What is i(9)?
-6
Let l(x) = -x**2 - 18*x - 8. Determine l(-6).
64
Let s(g) = -g**2 - 11*g + 5. Give s(-11).
5
Let q(g) = g**3 + g - 10. Calculate q(0).
-10
Let n(w) = -2*w**2 - 22*w - 4. Calculate n(-11).
-4
Let a(y) = -2*y**3 + y**2 - 7*y - 16. What is a(-2)?
18
Let d(l) = 5*l - 51. Determine d(4).
-31
Let p(n) = n + 4. Determine p(9).
13
Let s(m) = -m**2 - 17*m - 7. What is s(-9)?
65
Let o(q) = -q**3 - 14*q**2 - q - 12. Give o(-14).
2
Let b(g) = g**3 - 5*g**2 - 4*g - 7. What is b(5)?
-27
Let o(w) = -w**2 - 9*w - 19. What is o(-5)?
1
Let r(p) = p**3 + 3*p - 3. What is r(2)?
11
Let o(c) = c**3 - 5*c**2 + 3*c + 1. Give o(4).
-3
Let v(g) = g**3 + 7*g**2 - 8*g - 5. Calculate v(-8).
-5
Let r(a) = -5*a + 11. What is r(-6)?
41
Let x(y) = -4*y**2 + 154*y + 80. Determine x(39).
2
Let g(w) = -w + 19. What is g(20)?
-1
Let x(o) = 3*o**2 + 43*o - 34. Calculate x(-15).
-4
Let u(r) = 3*r**3 - 17*r**2 + 28*r + 1. What is u(2)?
13
Let q(i) = -i**2 - i + 9. What is q(0)?
9
Let j(t) = -2*t**2 - 33*t + 13. What is j(-17)?
-4
Let t(n) = 2*n**2 - n. Determine t(0).
0
Let j(a) = -a**2 + 4. Calculate j(3).
-5
Let t(s) = -s**3 - 14*s**2 - 26*s - 31. Give t(-12).
-7
Let o(y) = y**3 - 20*y - 46. Determine o(-3).
-13
Let k(w) = 2*w + 10. Calculate k(-7).
-4
Let i(g) = g**3 + 16*g**2 + 2*g + 3